{"id":51,"date":"2016-04-17T08:39:42","date_gmt":"2016-04-17T07:39:42","guid":{"rendered":"http:\/\/profilan.cz\/?page_id=51"},"modified":"2017-03-21T19:25:41","modified_gmt":"2017-03-21T18:25:41","slug":"o-voip","status":"publish","type":"page","link":"https:\/\/profilan.cz\/?page_id=51","title":{"rendered":"O VOIP"},"content":{"rendered":"<p>[et_pb_section bb_built=&#8220;1&#8243; admin_label=&#8220;section&#8220; background_image=&#8220;http:\/\/profilan.cz\/wp-content\/uploads\/2017\/03\/back-profilan.jpg&#8220; background_color=&#8220;#f7f7f7&#8243; inner_shadow=&#8220;on&#8220; parallax=&#8220;on&#8220; fullwidth=&#8220;on&#8220;][et_pb_fullwidth_header admin_label=&#8220;Fullwidth Header&#8220; title=&#8220;VOIP &#8211; Vyu\u017e\u00edv\u00e1 se pro telefonov\u00e1n\u00ed prost\u0159ednictv\u00edm internetu&#8220; text_orientation=&#8220;center&#8220; title_font_size=&#8220;42px&#8220; \/][\/et_pb_section][et_pb_section bb_built=&#8220;1&#8243; admin_label=&#8220;section&#8220;][et_pb_row admin_label=&#8220;\u0158\u00e1dek&#8220;][et_pb_column type=&#8220;2_3&#8243;][et_pb_text admin_label=&#8220;Text&#8220;]<\/p>\n<h3>Jak volat p\u0159es VOIP?<\/h3>\n<ul>\n<li>p\u0159es v\u00e1\u0161 st\u00e1vaj\u00edc\u00ed pevn\u00fd telefon<\/li>\n<li>zakoupen\u00ed nov\u00e9ho digit\u00e1ln\u00edho telefonu nap\u0159. CISCO<\/li>\n<li>vol\u00e1n\u00ed p\u0159es mobil pomoci aplikace<\/li>\n<li>vol\u00e1n\u00ed p\u0159es po\u010d\u00edta\u010d pomoc\u00ed programu<\/li>\n<\/ul>\n<h3>Z\u0159\u00edzen\u00ed telefonn\u00edho \u010d\u00edsla<\/h3>\n<ul>\n<li>mo\u017enost ponechat si vlastn\u00edho \u010d\u00edsla<\/li>\n<li>mo\u017enost p\u0159id\u011blen\u00ed n\u00e1rodn\u00edho \u010d\u00edsla<\/li>\n<\/ul>\n<h3>Tarifikace<\/h3>\n<p>Tarifikace pro pevn\u00e9 linky 120 + 1 (plat\u00ed se prvn\u00ed dv\u011b minuty a pak ka\u017ed\u00e1 dal\u0161\u00ed sekunda)<\/p>\n<p>Tarifikace pro mobiln\u00ed s\u00edt\u011b 60 + 1 (plat\u00ed se prvn\u00ed minuta a pak ka\u017ed\u00e1 dal\u0161\u00ed sekunda)<\/p>\n<p>[\/et_pb_text][\/et_pb_column][et_pb_column type=&#8220;1_3&#8243;][et_pb_image admin_label=&#8220;Obr\u00e1zek&#8220; src=&#8220;http:\/\/profilan.cz\/wp-content\/uploads\/2016\/04\/ANTENA-kopie.jpg&#8220; show_in_lightbox=&#8220;off&#8220; url_new_window=&#8220;off&#8220; use_overlay=&#8220;off&#8220; animation=&#8220;left&#8220; sticky=&#8220;off&#8220; align=&#8220;left&#8220; force_fullwidth=&#8220;off&#8220; always_center_on_mobile=&#8220;on&#8220; use_border_color=&#8220;off&#8220; border_color=&#8220;#ffffff&#8220; border_style=&#8220;solid&#8220; \/][\/et_pb_column][\/et_pb_row][\/et_pb_section]<\/p>\n","protected":false},"excerpt":{"rendered":"<p>Jak volat p\u0159es VOIP? p\u0159es v\u00e1\u0161 st\u00e1vaj\u00edc\u00ed pevn\u00fd telefon zakoupen\u00ed nov\u00e9ho digit\u00e1ln\u00edho telefonu nap\u0159. CISCO vol\u00e1n\u00ed p\u0159es mobil pomoci aplikace vol\u00e1n\u00ed p\u0159es po\u010d\u00edta\u010d pomoc\u00ed programu Z\u0159\u00edzen\u00ed telefonn\u00edho \u010d\u00edsla mo\u017enost ponechat si vlastn\u00edho \u010d\u00edsla mo\u017enost p\u0159id\u011blen\u00ed n\u00e1rodn\u00edho \u010d\u00edsla Tarifikace Tarifikace pro pevn\u00e9 linky 120 + 1 (plat\u00ed se prvn\u00ed dv\u011b minuty a pak ka\u017ed\u00e1 dal\u0161\u00ed sekunda) [&hellip;]<\/p>\n","protected":false},"author":4,"featured_media":0,"parent":0,"menu_order":3,"comment_status":"closed","ping_status":"closed","template":"","meta":{"_et_pb_use_builder":"on","_et_pb_old_content":"<h3>Jak volat p\u0159es VOIP?<\/h3><ul><li>p\u0159es v\u00e1\u0161 st\u00e1vaj\u00edc\u00ed pevn\u00fd telefon<\/li><li>zakoupen\u00ed nov\u00e9ho digit\u00e1ln\u00edho telefonu nap\u0159. CISCO<\/li><li>vol\u00e1n\u00ed p\u0159es mobil pomoci aplikace<\/li><li>vol\u00e1n\u00ed p\u0159es po\u010d\u00edta\u010d pomoc\u00ed programu<\/li><\/ul><h3>Z\u0159\u00edzen\u00ed telefonn\u00edho \u010d\u00edsla<\/h3><ul><li>mo\u017enost ponechat si vlastn\u00edho \u010d\u00edsla<\/li><li>mo\u017enost p\u0159id\u011blen\u00ed n\u00e1rodn\u00edho \u010d\u00edsla<\/li><\/ul><h3>Tarifikace<\/h3><p>Tarifikace pro pevn\u00e9 linky 120 + 1 (plat\u00ed se prvn\u00ed dv\u011b minuty a pak ka\u017ed\u00e1 dal\u0161\u00ed sekunda)<\/p><p>Tarifikace pro mobiln\u00ed s\u00edt\u011b 60 + 1 (plat\u00ed se prvn\u00ed minuta a pak ka\u017ed\u00e1 dal\u0161\u00ed sekunda)<\/p>","_et_gb_content_width":""},"_links":{"self":[{"href":"https:\/\/profilan.cz\/index.php?rest_route=\/wp\/v2\/pages\/51"}],"collection":[{"href":"https:\/\/profilan.cz\/index.php?rest_route=\/wp\/v2\/pages"}],"about":[{"href":"https:\/\/profilan.cz\/index.php?rest_route=\/wp\/v2\/types\/page"}],"author":[{"embeddable":true,"href":"https:\/\/profilan.cz\/index.php?rest_route=\/wp\/v2\/users\/4"}],"replies":[{"embeddable":true,"href":"https:\/\/profilan.cz\/index.php?rest_route=%2Fwp%2Fv2%2Fcomments&post=51"}],"version-history":[{"count":4,"href":"https:\/\/profilan.cz\/index.php?rest_route=\/wp\/v2\/pages\/51\/revisions"}],"predecessor-version":[{"id":317,"href":"https:\/\/profilan.cz\/index.php?rest_route=\/wp\/v2\/pages\/51\/revisions\/317"}],"wp:attachment":[{"href":"https:\/\/profilan.cz\/index.php?rest_route=%2Fwp%2Fv2%2Fmedia&parent=51"}],"curies":[{"name":"wp","href":"https:\/\/api.w.org\/{rel}","templated":true}]}}